se 16) to base 6
-2
What is 8a (base 11) in base 14?
70
-199 (base 10) to base 8
-307
22 (base 5) to base 14
c
What is b1 (base 16) in base 5?
1202
-3 (base 5) to base 16
-3
Convert 0 (base 10) to base 16.
0
203 (base 7) to base 6
245
Convert -5 (base 10) to base 5.
-10
What is 42 (base 12) in base 8?
62
Convert -27 (base 16) to base 7.
-54
What is -14 (base 10) in base 13?
-11
What is 202 (base 9) in base 12?
118
Convert -2e (base 16) to base 11.
-42
What is 6 (base 15) in base 9?
6
Convert 4 (base 10) to base 5.
4
What is 77 (base 9) in base 7?
130
-2 (base 16) to base 5
-2
Convert -3004 (base 5) to base 3.
-112001
What is 44 (base 7) in base 12?
28
Convert 1 (base 6) to base 5.
1
c (base 15) to base 11
11
1 (base 16) to base 5
1
10 (base 5) to base 11
5
-2c (base 13) to base 4
-212
Convert -6 (base 12) to base 4.
-12
What is -1200 (base 3) in base 10?
-45
What is -6e (base 15) in base 3?
-10212
What is -104 (base 14) in base 2?
-11001000
What is 69 (base 16) in base 8?
151
-20 (base 14) to base 12
-24
What is 34 (base 15) in base 2?
110001
What is 4 (base 15) in base 16?
4
What is 201 (base 4) in base 12?
29
What is 80 (base 15) in base 7?
231
What is -1 (base 8) in base 5?
-1
Convert 10 (base 10) to base 2.
1010
Convert -42 (base 5) to base 6.
-34
Convert 2 (base 9) to base 12.
2
-7 (base 13) to base 11
-7
101 (base 3) to base 7
13
What is -22 (base 16) in base 15?
-24
What is 1100 (base 3) in base 15?
26
Convert 12 (base 10) to base 15.
c
73 (base 10) to base 11
67
What is -4 (base 14) in base 8?
-4
1 (base 2) to base 15
1
What is -32 (base 5) in base 3?
-122
29 (base 10) to base 2
11101
-5 (base 12) to base 13
-5
3 (base 11) to base 9
3
Convert 3 (base 11) to base 12.
3
What is -22 (base 12) in base 9?
-28
20 (base 3) to base 5
11
5 (base 9) to base 12
5
Convert -23 (base 6) to base 9.
-16
What is -14 (base 5) in base 8?
-11
Convert e3 (base 15) to base 11.
184
What is -33 (base 12) in base 5?
-124
What is -2 (base 16) in base 3?
-2
Convert 1 (base 10) to base 15.
1
4d (base 16) to base 5
302
Convert 1 (base 14) to base 12.
1
What is -3 (base 10) in base 3?
-10
What is 10 (base 6) in base 3?
20
What is 20 (base 7) in base 15?
e
2 (base 11) to base 5
2
Convert -10 (base 4) to base 14.
-4
What is 52 (base 14) in base 4?
1020
-c (base 13) to base 16
-c
-100 (base 7) to base 13
-3a
Convert 2c (base 16) to base 3.
1122
-a (base 14) to base 13
-a
Convert -17 (base 13) to base 14.
-16
What is 114 (base 5) in base 8?
42
Convert 7 (base 8) to base 5.
12
What is 24b (base 12) in base 7?
1004
What is -54 (base 16) in base 9?
-103
What is -4 (base 6) in base 15?
-4
What is 140 (base 8) in base 16?
60
-301 (base 6) to base 12
-91
What is 53 (base 13) in base 16?
44
-20 (base 12) to base 8
-30
f (base 16) to base 8
17
What is 2 (base 8) in base 3?
2
What is -7 (base 12) in base 4?
-13
-5 (base 8) to base 16
-5
Convert -10 (base 10) to base 6.
-14
1 (base 9) to base 2
1
What is -25 (base 9) in base 11?
-21
-2 (base 16) to base 3
-2
1 (base 16) to base 4
1
Convert -22 (base 6) to base 15.
-e
Convert 1 (base 13) to base 7.
1
Convert -1 (base 10) to base 3.
-1
What is 3 (base 10) in base 6?
3
104 (base 5) to base 8
35
Convert -b (base 16) to base 3.
-102
Convert -10 (base 3) to base 16.
-3
65 (base 7) to base 15
32
7 (base 14) to base 16
7
Convert 39 (base 10) to base 8.
47
-246 (base 7) to base 11
-110
What is 212 (base 4) in base 14?
2a
What is a (base 16) in base 2?
1010
-3 (base 13) to base 9
-3
Convert 20 (base 5) to base 7.
13
What is -13 (base 8) in base 10?
-11
Convert -174 (base 9) to base 3.
-12111
Convert 2 (base 12) to base 5.
2
What is 2 (base 9) in base 13?
2
What is -13 (base 4) in base 11?
-7
What is -38 (base 9) in base 13?
-29
Convert 1010 (base 3) to base 4.
132
Convert -2 (base 16) to base 13.
-2
Convert -13 (base 8) to base 3.
-102
-14 (base 13) to base 3
-122
Convert 1212 (base 3) to base 5.
200
201 (base 3) to base 15
14
39 (base 10) to base 14
2b
Convert -164 (base 8) to base 12.
-98
1 (base 8) to base 3
1
What is -31 (base 7) in base 13?
-19
10110011 (base 2) to base 10
179
What is -4 (base 12) in base 6?
-4
Convert b (base 13) to base 9.
12
0 (base 13) to base 2
0
Convert 68 (base 16) to base 12.
88
What is 36 (base 14) in base 11?
44
-100 (base 2) to base 4
-10
What is -545 (base 8) in base 12?
-259
1111 (base 2) to base 11
14
0 (base 11) to base 4
0
Convert 131 (base 7) to base 14.
51
What is 4a (base 11) in base 14?
3c
What is 3 (base 11) in base 10?
3
35 (base 15) to base 9
55
1123 (base 6) to base 14
151
Convert -2 (base 15) to base 8.
-2
What is 2 (base 3) in base 4?
2
-10 (base 3) to base 7
-3
What is 19 (base 15) in base 2?
11000
26 (base 13) to base 2
100000
Convert -1 (base 3) to base 9.
-1
Convert 1 (base 11) to base 14.
1
Convert -111 (base 4) to base 13.
-18
-1 (base 6) to base 11
-1
-101 (base 5) to base 6
-42
-1 (base 16) to base 12
-1
Convert -31 (base 5) to base 11.
-15
-2 (base 11) to base 2
-10
What is -8 (base 11) in base 13?
-8
What is -30 (base 12) in base 16?
-24
Convert 327 (base 8) to base 10.
215
-303 (base 4) to base 11
-47
What is 120 (base 6) in base 10?
48
Convert 8 (base 13) to base 4.
20
What is 26 (base 12) in base 14?
22
-1 (base 8) to base 9
-1
Convert 4 (base 16) to base 8.
4
What is -149 (base 11) in base 6?
-450
What is -a3 (base 15) in base 6?
-413
8 (base 9) to base 6
12
Convert 36 (base 12) to base 7.
60
What is 0 (base 7) in base 16?
0
What is -5 (base 8) in base 4?
-11
Convert 6 (base 15) to base 2.
110
-3 (base 5) to base 13
-3
What is -41 (base 6) in base 7?
-34
What is 357 (base 8) in base 16?
ef
4 (base 16) to base 3
11
-110200 (base 3) to base 14
-1a6
What is -1 (base 2) in base 4?
-1
Convert 1 (base 11) to base 13.
1
What is -3131 (base 4) in base 9?
-265
231 (base 6) to base 14
67
0 (base 10) to base 2
0
What is 129 (base 11) in base 2?
10011000
-285 (base 9) to base 3
-22212
What is 12 (base 9) in base 13?
b
4 (base 10) to base 5
4
Convert -202 (base 4) to base 5.
-114
What is -10 (base 8) in base 11?
-8
Convert -1 (base 15) to base 2.
-1
What is -a (base 13) in base 15?
-a
-b (base 14) to base 12
-b
What is 10 (base 12) in base 13?
c
-202 (base 8) to base 7
-244
What is 20 (base 3) in base 9?
6
Convert -11 (base 3) to base 6.
-4
-a (base 15) to base 9
-11
What is 7 (base 13) in base 16?
7
Convert 16 (base 10) to base 15.
11
Convert 11 (base 2) to base 10.
3
Convert -3 (base 14) to base 9.
-3
What is 110 (base 2) in base 3?
20
-2 (base 8) to base 16
-2
-22 (base 10) to base 6
-34
Convert 9 (base 12) to base 13.
9
What is 45 (base 11) in base 15?
34
Convert 3132 (base 4) to base 2.
11011110
-9 (base 15) to base 8
-11
47 (base 8) to base 11
36
Convert 220 (base 5) to base 2.
111100
What is 48 (base 15) in base 11?
62
Convert -11 (base 2) to base 7.
-3
Convert a (base 14) to base 15.
a
100 (base 3) to base 16
9
-5 (base 6) to base 7
-5
What is 3 (base 16) in base 8?
3
3003 (base 4) to base 15
d0
Convert 1 (base 7) to base 11.
1
What is 9 (base 14) in base 2?
1001
Convert -33 (base 15) to base 5.
-143
9 (base 14) to base 11
9
Convert -95 (base 14) to base 16.
-83
100 (base 6) to base 11
33
What is 4a (base 14) in base 12?
56
a9 (base 13) to base 12
b7
-5 (base 9) to base 2
-101
-16 (base 12) to base 9
-20
What is 8 (base 14) in base 16?
8
What is 34 (base 7) in base 14?
1b
27 (base 10) to base 2
11011
What is -103 (base 13) in base 9?
-211
What is -5 (base 7) in base 12?
-5
What is 84 (base 10) in base 3?
10010
Convert -100011 (base 2) to base 3.
-1022
What is -110 (base 3) in base 4?
-30
2 (base 15) to base 9
2
What is -4 (base 14) in base 5?
-4
What is 2 (base 11) in base 2?
10
Convert 24 (base 6) to base 12.
14
-15 (base 8) to base 6
-21
What is -5 (base 9) in base 5?
-10
What is -63 (base 9) in base 14?
-41
What is -15 (base 8) in base 4?
-31
What is 2f (base 16) in base 12?
3b
Convert -3 (base 16) to base 12.
-3
-4 (base 12) to base 3
-11
-3 (base 15) to base 7
-3
What is 21 (base 4) in base 7?
12
Convert 292 (base 12) to base 15.
1b8
Convert 7 (base 9) to base 14.
7
-1 (base 9) to base 5
-1
What is -4 (base 6) in base 10?
-4
Convert 3 (base 5) to base 2.
11
-12 (base 11) to base 14
-d
What is 59 (base 11) in base 7?
121
1100 (base 2) to base 14
c
Convert -60 (base 11) to b